{"id":8,"date":"2018-06-18T09:20:41","date_gmt":"2018-06-18T09:20:41","guid":{"rendered":"http:\/\/perlen-kull.de\/?page_id=8"},"modified":"2018-06-20T07:42:04","modified_gmt":"2018-06-20T07:42:04","slug":"perlen","status":"publish","type":"page","link":"https:\/\/perlen-kull.de\/?page_id=8","title":{"rendered":"Perlen"},"content":{"rendered":"<p><img loading=\"lazy\" decoding=\"async\" class=\"aligncenter wp-image-76 size-large\" src=\"http:\/\/perlen-kull.de\/wp-content\/uploads\/2018\/06\/IMG_9033-1-1024x342.jpg\" alt=\"\" width=\"620\" height=\"207\" srcset=\"https:\/\/perlen-kull.de\/wp-content\/uploads\/2018\/06\/IMG_9033-1-1024x342.jpg 1024w, https:\/\/perlen-kull.de\/wp-content\/uploads\/2018\/06\/IMG_9033-1-300x100.jpg 300w, https:\/\/perlen-kull.de\/wp-content\/uploads\/2018\/06\/IMG_9033-1-768x256.jpg 768w, https:\/\/perlen-kull.de\/wp-content\/uploads\/2018\/06\/IMG_9033-1-1139x380.jpg 1139w, https:\/\/perlen-kull.de\/wp-content\/uploads\/2018\/06\/IMG_9033-1.jpg 1772w\" sizes=\"auto, (max-width: 620px) 100vw, 620px\" \/><\/p>\n<p><a href=\"http:\/\/perlen-kull.de\/perlen\/facettierte-perlen\">FACETTIERTE PERLEN<\/a><\/p>\n<p><a href=\"http:\/\/perlen-kull.de\/perlen\/tropfen-perlen\">TROPFEN PERLEN<\/a><\/p>\n<p><a href=\"http:\/\/perlen-kull.de\/perlen\/natuerliche-fluegelperlen\">NAT\u00dcRLICHE FL\u00dcGELPERLEN<\/a><\/p>\n<p><a href=\"http:\/\/perlen-kull.de\/perlen\/souffle-zuchtperlen\">SOUFFL\u00c9-ZUCHTPERLEN<\/a><\/p>\n<p><a href=\"http:\/\/perlen-kull.de\/perlen\/ming-zuchtperlen\">MING-ZUCHTPERLEN<\/a><\/p>\n<p><a href=\"http:\/\/perlen-kull.de\/perlen\/suesswasser-keshi-zuchtperlen\">S\u00dcSSWASSER-KESHI-ZUCHTPERLEN<\/a><\/p>\n<p><a href=\"http:\/\/perlen-kull.de\/perlen\/rosebud-zuchtperlen\">ROSEBUD-ZUCHTPERLEN<\/a><\/p>\n<p><a href=\"http:\/\/perlen-kull.de\/perlen\/orientperlen\">ORIENTPERLEN<\/a><\/p>\n<p><a href=\"http:\/\/perlen-kull.de\/perlen\/tahiti-zuchtperlen\">TAHITI-ZUCHTPERLEN<\/a><\/p>\n<p><a href=\"http:\/\/perlen-kull.de\/perlen\/suedsee-zuchtperlen\">S\u00dcDSEE-ZUCHTPERLEN<\/a><\/p>\n<p><a href=\"http:\/\/perlen-kull.de\/perlen\/conch-perlmutt\">CONCH-PERLMUTT<\/a><\/p>\n<p>&nbsp;<\/p>\n","protected":false},"excerpt":{"rendered":"<p>FACETTIERTE PERLEN TROPFEN PERLEN NAT\u00dcRLICHE FL\u00dcGELPERLEN SOUFFL\u00c9-ZUCHTPERLEN MING-ZUCHTPERLEN S\u00dcSSWASSER-KESHI-ZUCHTPERLEN ROSEBUD-ZUCHTPERLEN ORIENTPERLEN TAHITI-ZUCHTPERLEN S\u00dcDSEE-ZUCHTPERLEN CONCH-PERLMUTT &nbsp;<\/p>\n","protected":false},"author":1,"featured_media":0,"parent":0,"menu_order":0,"comment_status":"closed","ping_status":"closed","template":"","meta":{"footnotes":""},"class_list":["post-8","page","type-page","status-publish","hentry","without-featured-image"],"_links":{"self":[{"href":"https:\/\/perlen-kull.de\/index.php?rest_route=\/wp\/v2\/pages\/8","targetHints":{"allow":["GET"]}}],"collection":[{"href":"https:\/\/perlen-kull.de\/index.php?rest_route=\/wp\/v2\/pages"}],"about":[{"href":"https:\/\/perlen-kull.de\/index.php?rest_route=\/wp\/v2\/types\/page"}],"author":[{"embeddable":true,"href":"https:\/\/perlen-kull.de\/index.php?rest_route=\/wp\/v2\/users\/1"}],"replies":[{"embeddable":true,"href":"https:\/\/perlen-kull.de\/index.php?rest_route=%2Fwp%2Fv2%2Fcomments&post=8"}],"version-history":[{"count":17,"href":"https:\/\/perlen-kull.de\/index.php?rest_route=\/wp\/v2\/pages\/8\/revisions"}],"predecessor-version":[{"id":122,"href":"https:\/\/perlen-kull.de\/index.php?rest_route=\/wp\/v2\/pages\/8\/revisions\/122"}],"wp:attachment":[{"href":"https:\/\/perlen-kull.de\/index.php?rest_route=%2Fwp%2Fv2%2Fmedia&parent=8"}],"curies":[{"name":"wp","href":"https:\/\/api.w.org\/{rel}","templated":true}]}}