{"id":96,"date":"2018-06-20T07:14:50","date_gmt":"2018-06-20T07:14:50","guid":{"rendered":"http:\/\/perlen-kull.de\/?page_id=96"},"modified":"2018-06-20T07:32:35","modified_gmt":"2018-06-20T07:32:35","slug":"orientperlen","status":"publish","type":"page","link":"https:\/\/perlen-kull.de\/?page_id=96","title":{"rendered":"Orientperlen"},"content":{"rendered":"<p><img loading=\"lazy\" decoding=\"async\" class=\"aligncenter wp-image-105 size-large\" src=\"http:\/\/perlen-kull.de\/wp-content\/uploads\/2018\/06\/Orient-1024x681.jpg\" alt=\"\" width=\"620\" height=\"412\" srcset=\"https:\/\/perlen-kull.de\/wp-content\/uploads\/2018\/06\/Orient-1024x681.jpg 1024w, https:\/\/perlen-kull.de\/wp-content\/uploads\/2018\/06\/Orient-300x199.jpg 300w, https:\/\/perlen-kull.de\/wp-content\/uploads\/2018\/06\/Orient-768x510.jpg 768w, https:\/\/perlen-kull.de\/wp-content\/uploads\/2018\/06\/Orient-572x380.jpg 572w, https:\/\/perlen-kull.de\/wp-content\/uploads\/2018\/06\/Orient.jpg 2043w\" sizes=\"auto, (max-width: 620px) 100vw, 620px\" \/>Wird auch Basra-Perle genannt und sind nat\u00fcrlich gewachsene Perlen aus dem Persischen Golf. Wir f\u00fchren eine kleine aber feine Auswahl an Str\u00e4ngen und losen Perlen dieser seltenen Besonderheit.<\/p>\n","protected":false},"excerpt":{"rendered":"<p>Wird auch Basra-Perle genannt und sind nat\u00fcrlich gewachsene Perlen aus dem Persischen Golf. Wir f\u00fchren eine kleine aber feine Auswahl an Str\u00e4ngen und losen Perlen dieser seltenen Besonderheit.<\/p>\n","protected":false},"author":1,"featured_media":0,"parent":8,"menu_order":0,"comment_status":"closed","ping_status":"closed","template":"","meta":{"footnotes":""},"class_list":["post-96","page","type-page","status-publish","hentry","without-featured-image"],"_links":{"self":[{"href":"https:\/\/perlen-kull.de\/index.php?rest_route=\/wp\/v2\/pages\/96","targetHints":{"allow":["GET"]}}],"collection":[{"href":"https:\/\/perlen-kull.de\/index.php?rest_route=\/wp\/v2\/pages"}],"about":[{"href":"https:\/\/perlen-kull.de\/index.php?rest_route=\/wp\/v2\/types\/page"}],"author":[{"embeddable":true,"href":"https:\/\/perlen-kull.de\/index.php?rest_route=\/wp\/v2\/users\/1"}],"replies":[{"embeddable":true,"href":"https:\/\/perlen-kull.de\/index.php?rest_route=%2Fwp%2Fv2%2Fcomments&post=96"}],"version-history":[{"count":2,"href":"https:\/\/perlen-kull.de\/index.php?rest_route=\/wp\/v2\/pages\/96\/revisions"}],"predecessor-version":[{"id":106,"href":"https:\/\/perlen-kull.de\/index.php?rest_route=\/wp\/v2\/pages\/96\/revisions\/106"}],"up":[{"embeddable":true,"href":"https:\/\/perlen-kull.de\/index.php?rest_route=\/wp\/v2\/pages\/8"}],"wp:attachment":[{"href":"https:\/\/perlen-kull.de\/index.php?rest_route=%2Fwp%2Fv2%2Fmedia&parent=96"}],"curies":[{"name":"wp","href":"https:\/\/api.w.org\/{rel}","templated":true}]}}

<p><img loading="lazy" decoding="async" class="aligncenter wp-image-105 size-large" src="http://perlen-kull.de/wp-content/uploads/2018/06/Orient-1024x681.jpg" alt="" width="620" height="412" srcset="https://perlen-kull.de/wp-content/uploads/2018/06/Orient-1024x681.jpg 1024w, https://perlen-kull.de/wp-content/uploads/2018/06/Orient-300x199.jpg 300w, https://perlen-kull.de/wp-content/uploads/2018/06/Orient-768x510.jpg 768w, https://perlen-kull.de/wp-content/uploads/2018/06/Orient-572x380.jpg 572w, https://perlen-kull.de/wp-content/uploads/2018/06/Orient.jpg 2043w" sizes="auto, (max-width: 620px) 100vw, 620px" />Wird auch Basra-Perle genannt und sind natürlich gewachsene Perlen aus dem Persischen Golf. Wir führen eine kleine aber feine Auswahl an Strängen und losen Perlen dieser seltenen Besonderheit.</p>

<p>Wird auch Basra-Perle genannt und sind natürlich gewachsene Perlen aus dem Persischen Golf. Wir führen eine kleine aber feine Auswahl an Strängen und losen Perlen dieser seltenen Besonderheit.</p>
